3645 and 540.
135
Calculate the highest common divisor of 78 and 598.
26
Calculate the highest common divisor of 86 and 3741.
43
Calculate the greatest common factor of 328 and 24.
8
Calculate the greatest common divisor of 272 and 5219.
17
Calculate the highest common divisor of 6912 and 513.
27
Calculate the highest common factor of 8 and 50.
2
Calculate the greatest common divisor of 5 and 10135.
5
Calculate the greatest common divisor of 9 and 6.
3
Calculate the greatest common divisor of 556 and 417.
139
Calculate the highest common divisor of 4125 and 264.
33
Calculate the highest common divisor of 8492 and 88.
44
What is the greatest common divisor of 290 and 170?
10
Calculate the highest common factor of 770 and 242.
22
Calculate the highest common divisor of 1645 and 15463.
329
What is the greatest common factor of 187 and 22?
11
Calculate the highest common divisor of 630 and 63.
63
What is the highest common divisor of 19 and 133?
19
Calculate the highest common factor of 240 and 15.
15
What is the greatest common factor of 52 and 5954?
26
What is the greatest common divisor of 143 and 1859?
143
Calculate the greatest common factor of 3422 and 58.
58
What is the highest common factor of 108 and 252?
36
What is the highest common factor of 39 and 13169?
13
What is the greatest common divisor of 3752 and 32?
8
What is the greatest common divisor of 150 and 2550?
150
What is the greatest common divisor of 27 and 8937?
27
What is the greatest common divisor of 16214 and 67?
67
Calculate the highest common factor of 110 and 132.
22
What is the highest common divisor of 512 and 2?
2
What is the greatest common factor of 154 and 12782?
154
Calculate the greatest common divisor of 7875 and 2475.
225
Calculate the greatest common factor of 442 and 306.
34
Calculate the highest common factor of 128 and 2656.
32
What is the greatest common divisor of 405 and 540?
135
Calculate the highest common factor of 390 and 10270.
130
What is the greatest common factor of 759 and 407?
11
Calculate the highest common factor of 171 and 57.
57
What is the highest common divisor of 52 and 767?
13
Calculate the highest common divisor of 16 and 200.
8
What is the highest common factor of 392 and 245?
49
Calculate the highest common divisor of 132 and 12.
12
Calculate the highest common factor of 12 and 324.
12
What is the greatest common factor of 696 and 174?
174
What is the highest common factor of 438 and 12?
6
What is the highest common factor of 106 and 742?
106
What is the greatest common divisor of 52020 and 180?
180
What is the highest common divisor of 99 and 792?
99
Calculate the highest common divisor of 48 and 1248.
48
What is the greatest common divisor of 438 and 138?
6
What is the highest common divisor of 378 and 504?
126
What is the highest common factor of 189 and 3066?
21
What is the highest common factor of 114 and 5529?
57
Calculate the highest common divisor of 22213 and 687.
229
Calculate the greatest common divisor of 69982 and 11.
11
What is the greatest common divisor of 14 and 182?
14
What is the greatest common factor of 5220 and 228?
12
Calculate the greatest common factor of 2 and 81.
1
Calculate the greatest common divisor of 3374 and 70.
14
What is the highest common divisor of 4 and 18?
2
What is the greatest common divisor of 2355 and 15?
15
What is the greatest common divisor of 64 and 3392?
64
What is the highest common divisor of 364 and 104?
52
Calculate the highest common factor of 72 and 2916.
36
What is the highest common divisor of 129 and 1419?
129
What is the greatest common factor of 3036 and 176?
44
Calculate the greatest common divisor of 355 and 10.
5
What is the greatest common factor of 189 and 147?
21
What is the greatest common factor of 1605 and 15?
15
Calculate the highest common divisor of 180 and 14580.
180
What is the greatest common factor of 117 and 5928?
39
Calculate the highest common factor of 510 and 30.
30
Calculate the highest common divisor of 4 and 1084.
4
Calculate the greatest common factor of 17574 and 909.
303
What is the greatest common divisor of 18 and 8886?
6
What is the highest common factor of 280 and 224?
56
Calculate the highest common divisor of 83 and 913.
83
What is the greatest common factor of 156 and 18?
6
What is the greatest common factor of 15 and 395?
5
What is the greatest common factor of 3668 and 308?
28
Calculate the highest common divisor of 23 and 391.
23
What is the highest common divisor of 1456 and 16?
16
Calculate the greatest common factor of 84 and 2478.
42
Calculate the highest common divisor of 72 and 40.
8
What is the greatest common factor of 1728 and 54?
54
What is the highest common factor of 157673 and 29?
29
Calculate the highest common factor of 10 and 15830.
10
What is the highest common factor of 18837 and 13?
13
Calculate the highest common factor of 2304 and 18.
18
Calculate the greatest common factor of 621 and 99.
9
What is the highest common factor of 1679 and 219?
73
Calculate the highest common divisor of 2016 and 189.
63
What is the highest common factor of 1632 and 318?
6
What is the greatest common divisor of 54 and 3699?
27
What is the greatest common factor of 920 and 160?
40
Calculate the highest common factor of 30 and 280.
10
Calculate the greatest common factor of 80 and 220.
20
What is the highest common divisor of 8375 and 10?
5
What is the highest common factor of 2120 and 318?
106
Calculate the highest common factor of 21 and 336.
21
What is the greatest common divisor of 100 and 2350?
50
Calculate the greatest common factor of 1245 and 15.
15
Calculate the greatest common divisor of 105 and 357.
21
What is the highest common divisor of 2233 and 28?
7
What is the highest common factor of 234 and 5343?
39
Calculate the highest common factor of 54 and 90.
18
What is the greatest common divisor of 20 and 540?
20
What is the greatest common divisor of 226 and 113?
113
Calculate the greatest common divisor of 24616 and 272.
136
Calculate the highest common factor of 2680 and 90.
10
Calculate the greatest common factor of 8 and 14896.
8
Calculate the greatest common divisor of 32 and 19472.
16
What is the highest common divisor of 376 and 56?
8
Calculate the greatest common divisor of 24 and 152.
8
Calculate the highest common factor of 42 and 308.
14
What is the greatest common factor of 2 and 5?
1
What is the greatest common factor of 14 and 189?
7
Calculate the highest common factor of 4095 and 312.
39
Calculate the highest common divisor of 493 and 1073.
29
Calculate the greatest common divisor of 55 and 4175.
5
Calculate the greatest common divisor of 77 and 4543.
77
Calculate the greatest common factor of 42 and 28.
14
Calculate the greatest common factor of 30 and 60.
30
What is the greatest common factor of 3744 and 13?
13
What is the highest common divisor of 44898 and 42?
42
Calculate the highest common factor of 17472 and 48.
48
What is the greatest common divisor of 252 and 24?
12
Calculate the greatest common divisor of 24 and 2472.
24
Calculate the greatest common divisor of 2640 and 56.
8
What is the highest common factor of 16212 and 105?
21
What is the highest common factor of 280 and 616?
56
Calculate the highest common divisor of 3781 and 19.
19
What is the highest common divisor of 649 and 885?
59
Calculate the greatest common factor of 429 and 66.
33
What is the greatest common divisor of 174 and 6?
6
Calculate the highest common divisor of 15 and 15.
15
Calculate the highest common divisor of 3 and 3489.
3
Calculate the greatest common divisor of 13604 and 152.
76
Calculate the greatest common factor of 1408 and 176.
176
Calculate the greatest common factor of 3270 and 60.
30
Calculate the highest common factor of 2020 and 30.
10
What is the highest common divisor of 1887 and 37?
37
Calculate the highest common divisor of 20 and 115.
5
What is the highest common divisor of 3024 and 189?
189
What is the greatest common divisor of 154 and 49?
7
Calculate the greatest common divisor of 342 and 54.
18
Calculate the highest common divisor of 1521 and 36.
9
What is the highest common divisor of 7869 and 43?
43
Calculate the greatest common divisor of 33 and 2695.
11
What is the greatest common factor of 45 and 1440?